2). Let m be 3 + (r - -1 - 3). Calculate q(m).
-2
Let t = 60 + -56. Let l(r) = r**3 - 5*r**2 + 6*r - 5. Determine l(t).
3
Let d(c) be the first derivative of c**4/12 + 5*c**3/6 + 5*c**2/2 + 13. Let x(t) be the second derivative of d(t). What is x(4)?
13
Let t(v) be the second derivative of -v**3/6 - 3*v**2 + 260*v - 1. Suppose -4*q - 8 = 12. Give t(q).
-1
Let a(m) = -m**3 + 3*m**2 - m + 6. Let w = 966 - 963. Give a(w).
3
Suppose 7*j = 5*j. Let q be (2 + (-3)/2)*-2 - -3. Let d(y) = -2654*y**2 - y - y**3 + 2653*y**2 + 4 + q*y. What is d(j)?
4
Let k(f) = -f**2 - 5*f - 2. Suppose -23*q - 88 + 19 = 0. Give k(q).
4
Suppose -6*t - 2*t = 8. Let c(y) = 5*y**2 + 2*y + 2. Let f(m) = -4*m + m**2 + 1 + 4*m. Let x(h) = t*c(h) + f(h). Calculate x(-1).
-3
Let o(d) = -9*d**2 - 2*d - 5*d**3 + 8 + 4*d**3 - 4*d. Let j = 183 + -191. Give o(j).
-8
Let q(v) be the first derivative of -2/3*v**3 + 3*v + v**2 + 9. Give q(3).
-9
Let l be (10 - 6 - -5 - 6) + 1. Let p(v) be the second derivative of 1/12*v**4 + 8*v + 0 - l*v**2 - 1/2*v**3. What is p(6)?
10
Let f(x) = 2*x**2 + x - 1. Let s(k) = -2*k. Let d be s(1). Let r = 8 + d. Let u = 4 - r. Calculate f(u).
5
Let x(c) be the first derivative of c**3/3 - 9. Let v(p) = -2*p**2 - 4*p + 2. Suppose 4 = -12*b + 16*b. Let z(j) = b*x(j) + v(j). Calculate z(-4).
2
Suppose -173*a + 154*a - 19 = 0. Let f(o) = 3*o**2 + 2*o - 1. Determine f(a).
0
Let z(h) = -131*h**2 - 6*h + 1 + 3*h + 271*h**2 - 136*h**2 - h**3. Calculate z(2).
3
Let b = 14 + -27. Let z(n) = -7*n**3 + 9*n**2 + 9*n + 7. Let q(c) = -15*c**3 + 19*c**2 + 19*c + 15. Let o(h) = b*z(h) + 6*q(h). Calculate o(4).
3
Let z = 1039 - 1045. Let h(c) = 3*c - c + 2*c - 2*c + 9. Give h(z).
-3
Let u(y) = y**2 + y + 2. Let t be u(0). Suppose -19 = -3*a + t. Let c(r) = r - 16. Give c(a).
-9
Let o(c) = -3*c + 81. Let g be o(25). Let q(n) = -24*n + 7 + 28*n - g + 3. Determine q(-6).
-20
Let r = 1497 + -1489. Let t(g) = 7*g + 6. What is t(r)?
62
Let v(r) = r**2 + r - 22. Let k(h) = 2*h**2 + 2*h - 41. Let d(m) = 4*k(m) - 7*v(m). Let o = 6 + -6. Give d(o).
-10
Let y(i) be the first derivative of -1/3*i**3 + 1/4*i**4 + 0*i**2 + 8 + 3*i. Calculate y(0).
3
Let o(s) = -6*s - 46. Let j be o(-7). Let r(x) = 5*x**3 - 4*x**2 - x + 2. Let m(g) = 14*g**3 - 12*g**2 - 4*g + 5. Let f(t) = j*m(t) + 11*r(t). Determine f(5).
2
Let g(y) = y**3 + 6*y**2 - 2*y + 5. Let q(i) = -3*i - 2 - 9 + 20 + 18. Let d(z) = 3*z**2 - z + 1. Let s be d(2). Let u be q(s). What is g(u)?
17
Let x(k) = k**3 + 6*k**2 + 2*k + 6. Let p be (-4 - -14)*4/10. Let f = -26 - p. Let l = f - -24. Determine x(l).
-6
Let b(m) be the second derivative of -m**5/20 + 3*m - 5. Let o(v) = -4*v**3 - 7*v**2 + 5*v - 7. Let l(x) = -5*b(x) + o(x). Calculate l(6).
-13
Suppose -2*d = f - 4 - 13, -4*d - f + 31 = 0. Let l(c) be the third derivative of -c**6/120 + 2*c**5/15 - c**4/6 - 2*c**3/3 + 24*c**2. Determine l(d).
17
Let i be (-1)/(5/(-10)*(-2 - 0)). Let l(b) = b**3 + b**2 - 2*b + 1. Let q(x) = -x**3 - x. Let n(j) = l(j) - 4*q(j). Give n(i).
-5
Let o(s) = -9*s - 3. Let q(d) = -8*d - 2. Let m(j) = 4*o(j) - 5*q(j). Let r = 748 + -750. Calculate m(r).
-10
Let x be ((-32)/(-12))/((-4)/(-6)). Suppose 6*y - 13 = 2*y - o, -2*y - 16 = -x*o. Let w(b) = -8*b**2 - b**2 - b**y. Calculate w(1).
-10
Let p(u) = -2*u**3 + 47*u**2 + 53*u - 122. Let t(s) = -s**3 + 23*s**2 + 26*s - 62. Let j(o) = 3*p(o) - 5*t(o). Determine j(27).
-2
Let g(i) be the first derivative of 7*i**2/2 - 2*i - 7. Let x = 12 - 10. Give g(x).
12
Suppose -2*t + c + 1 = 8, 4*t + 32 = -4*c. Let j(h) = h**3 + 4*h**2 - 4*h - 4. Give j(t).
-9
Suppose -11 = -3*d - l, -2 + 1 = d + 5*l. Let b(r) = -r**2 + 9*r + 0*r**2 - 14*r - d. What is b(-4)?
0
Let p(t) = t + 2. Let s(n) = 3*n + 3. Let x(d) = -d**3 + 3*d**2 + 5*d - 6. Let h be x(4). Let a(m) = h*p(m) + s(m). Suppose y = -3*y + 12. Calculate a(y).
2
Let o(p) be the second derivative of -p**5/20 - p**4/2 + 5*p**3/6 - 4*p**2 - 654*p. Determine o(-7).
6
Let a(q) be the second derivative of q**4/3 - q**3/3 + q**2/2 - 5*q. Let o(c) be the third derivative of c**4/12 - 3*c**2. Let u be o(1). Calculate a(u).
13
Let m be (-2)/(-4)*(-27)/((-162)/60). Let w(k) = -k**3 + 5*k**2 + 6*k - 35. Give w(m).
-5
Let v(c) be the second derivative of -c**3/3 - c**2/2 - 16*c. Give v(-3).
5
Let o be 54/(-9)*(11/3 + -3). Let u(k) = -3*k - 5. What is u(o)?
7
Let i(q) be the second derivative of -q**4/12 - 5*q**3/6 - 3*q**2 + 42*q. Let b be 5 + (-1 - 1) + 3. Let r = -11 + b. Calculate i(r).
-6
Let y = 1619 + -1609. Let s(z) = -4*z + 4. Calculate s(y).
-36
Let u(q) = -q**2 + 3. Let j be u(0). Let b(m) = -m**3 + 2*m**2 + 4*m + 1. Determine b(j).
4
Let a(t) = -t**2 - 8*t - 18. Suppose 13 = -2*m + b, 2*m + 35*b - 39*b = -28. Give a(m).
-2
Let h(r) = -r**3 - r**2 - 2*r - 1. Suppose 5*v = 3*x - 192, -5*x - 51 = 3*v - 405. Suppose -5*f - 1 = x. Let u(o) = o + 12. Let k be u(f). What is h(k)?
7
Let w = -5 - -8. Suppose 5 = -18*t + 59. Let q(m) = m**t - w + 2*m + 4 + 0 - 2. Calculate q(1).
2
Let h(b) = -3*b + 3. Let o(g) = -g**3 + 4*g**2 + 8*g - 4. Let a be o(5). Let s(v) = -14*v - 4 + a*v + 7. Let r(d) = -4*h(d) + 5*s(d). What is r(4)?
-9
Suppose 5*l + j = -3, 5*j = j - 12. Suppose -3*g + 4*o + 9 = -18, -5*g - o + 22 = l. Let u(b) be the first derivative of -b**2/2 - b + 444. Give u(g).
-6
Let p(y) be the first derivative of -13*y**4/2 - 2*y**3/3 + y**2 - y - 79. Determine p(1).
-27
Let j(d) = -27*d + 36*d - 5*d**2 + 2*d**2 + 2*d**2 + 1. Suppose -5 = -30*q + 29*q. Determine j(q).
21
Let t(x) = -x**3 - 12*x**2 - 9*x + 25. Let b be t(-11). Suppose -j + 5*d + 25 = -6*j, -2*d - 10 = b*j. Let u(n) = n**2 + n - 2. Calculate u(j).
-2
Let z = -3 + -2. Let l(o) = o + 1. Let c(r) = 1. Let p(x) = 8*x + 7. Let q(v) = -4*c(v) - p(v). Let f(t) = -6*l(t) - q(t). What is f(z)?
-5
Suppose 2*x = -3*u - 14, -3*u + 2*x - 7 - 27 = 0. Let g(a) be the third derivative of a**6/120 + 7*a**5/60 - 5*a**4/12 - 2*a**3/3 - 2*a**2 - 24. Determine g(u).
12
Let h(n) be the second derivative of -n**3/6 + 9*n**2/2 - 246*n. Calculate h(8).
1
Let v(j) = 5*j**2 + 11*j - 5. Let b(u) = 2*u**2 + 4*u - 2. Let c(h) = -11*b(h) + 4*v(h). Let l(y) = -4*y**2 - 13*y - 7. Let k be l(-1). Calculate c(k).
-6
Let k(p) = p + 2. Let w be 42/(-9)*((-11)/2 - -4). Let m be ((-2)/w)/((-2)/(-14)) - -10. Determine k(m).
10
Suppose -5*w = 3*a + 12, -3*a = -4*w - 7*a - 16. Let d(h) = 37 + w*h - 3*h - 38 + 2*h. Let s(m) = -3*m. Let p(r) = -2*d(r) - s(r). What is p(-2)?
-8
Let i(z) = -z**3 + 9*z**2 + 5*z - 11. Suppose 0 = 14*c - 82 - 44. Give i(c).
34
Let z(t) = 0*t**3 - 12*t**2 - t**3 - 1 + 20*t**2 - 9*t**2. Calculate z(-2).
3
Let i(t) = -t**2 + 7*t - 4. Let q(k) = -53*k + 272. Let z be q(5). What is i(z)?
-4
Let a(d) = -d**2 - 7*d + 10. Let c = -28 - -19. Let x be a(c). Let t = -12 - x. Let m(k) = -k**3 - 4*k**2 + k + 5. Determine m(t).
1
Let w(q) = -3*q**3 - 8*q**2 - 9*q - 9. Let b(l) = l**3 - l. Let o(k) = -2*b(k) - w(k). Suppose 0 = -141*t + 147*t + 42. Determine o(t).
-19
Let f be 0 - (2 + 2) - (-2 - 7). Let g(z) = z**2 - 6*z + 6. Give g(f).
1
Let p be 2/((-1)/(6*-1)). Suppose 0*z + p = -4*z. Let s(y) = -y**2 + 3*y + 3. What is s(z)?
-15
Suppose -103 = -88*d + 161. Let i(b) be the second derivative of 0 - 5/6*b**d + 1/12*b**4 - 2*b**2 - 2*b. What is i(6)?
2
Let i(r) = -r**2 - 6*r - 1. Let g(w) = -w**2 - 3*w. Let f be g(-7). Let a = -35 - f. Give i(a).
-8
Let j(r) = -2*r**3 + r**2 + r - 1. Let b(d) = d**3 - 5*d**2 - 6*d + 5. Let p(o) = -b(o) - 6*j(o). Determine p(1).
11
Let b(r) be the third derivative of r**6/120 + r**5/12 + r**4/12 + 11*r**3/6 - 58*r**2 - 2*r. Determine b(-5).
1
Let k(z) = z**2 + 6*z - 10. Let f be k(-8). Let w(s) = 5*s**2 + f*s + 0*s - 3*s**2 - s**2 + 6. Give w(-5).
1
Let z(r) be the third derivative of r**7/1260 - 11*r**4/24 + 12*r**2. Let n(i) be the second derivative of z(i). Let m be 0/8 + (-2)/2. Calculate n(m).
2
Let l(m) be the third derivative of m**5/60 + m**4/4 + 5*m**3/6 - 51*m**2. Give l(-3).
-4
Let r(x) = -4*x**2 + 2*x. Suppose 6 = 2*n - 4*n, 0 = 3*u + 2*n + 9. Let b be (3 - 4)*(u + -1). Give r(b).
-12
Let a = -154 + 147. Let c(x) = x**2 + 4*x - 8. Calculate c(a).
13
Suppose -5*a = 4*j + 70, -a + 3*a + 2*j + 30 = 0. Let d(x) = -5*x + 19. Let v(g) = -9*g + 37. Let o(t) = 11*d(t) - 6*v(t). Determine o(a).
-3
Let